git of 276064453?
0
What is the thousands digit of 265379948?
9
What is the units digit of 1608041362?
2
What is the tens digit of 702669172?
7
What is the ten millions digit of 209327418?
0
What is the hundred thousands digit of 110836597?
8
What is the hundred thousands digit of 67584054?
5
What is the ten millions digit of 42714690?
4
What is the tens digit of 68817023?
2
What is the tens digit of 21544984?
8
What is the units digit of 292191133?
3
What is the tens digit of 51253594?
9
What is the millions digit of 128824055?
8
What is the thousands digit of 1097362801?
2
What is the units digit of 1128446012?
2
What is the millions digit of 2489492904?
9
What is the thousands digit of 564599662?
9
What is the tens digit of 271974944?
4
What is the hundreds digit of 1854064317?
3
What is the hundred thousands digit of 132803778?
8
What is the tens digit of 48650399?
9
What is the millions digit of 161969291?
1
What is the tens digit of 4350697?
9
What is the units digit of 32990901?
1
What is the thousands digit of 3252429098?
9
What is the ten millions digit of 438698842?
3
What is the hundred thousands digit of 2078128500?
1
What is the millions digit of 2470605334?
0
What is the units digit of 124493880?
0
What is the ten thousands digit of 2077184553?
8
What is the millions digit of 247791880?
7
What is the thousands digit of 422871522?
1
What is the hundred millions digit of 6522152841?
5
What is the thousands digit of 48390045?
0
What is the thousands digit of 110824069?
4
What is the billions digit of 2682003237?
2
What is the hundreds digit of 144553103?
1
What is the ten thousands digit of 68680965?
8
What is the thousands digit of 172594976?
4
What is the hundred thousands digit of 5232689564?
6
What is the billions digit of 1002410223?
1
What is the millions digit of 29678051?
9
What is the thousands digit of 137627613?
7
What is the thousands digit of 426684452?
4
What is the tens digit of 56776227?
2
What is the ten millions digit of 99364519?
9
What is the hundreds digit of 82511362?
3
What is the ten millions digit of 23581903?
2
What is the millions digit of 168954733?
8
What is the tens digit of 3375990734?
3
What is the hundred thousands digit of 273234289?
2
What is the units digit of 60028647?
7
What is the thousands digit of 216697503?
7
What is the millions digit of 12049871?
2
What is the ten thousands digit of 34930119?
3
What is the thousands digit of 138082171?
2
What is the millions digit of 1563640?
1
What is the ten millions digit of 33481387?
3
What is the thousands digit of 73586735?
6
What is the ten thousands digit of 151636533?
3
What is the ten thousands digit of 156811787?
1
What is the units digit of 4333558277?
7
What is the hundreds digit of 2042471591?
5
What is the tens digit of 108285808?
0
What is the hundred thousands digit of 94806165?
8
What is the ten millions digit of 2038871527?
3
What is the units digit of 175228943?
3
What is the ten millions digit of 69756668?
6
What is the ten millions digit of 2779299277?
7
What is the units digit of 1676400837?
7
What is the tens digit of 7599006?
0
What is the hundreds digit of 280896845?
8
What is the millions digit of 3325945590?
5
What is the ten thousands digit of 997690943?
9
What is the millions digit of 995246007?
5
What is the hundred thousands digit of 8033210?
0
What is the billions digit of 2490560047?
2
What is the hundred thousands digit of 4318533104?
5
What is the ten thousands digit of 9780478849?
7
What is the hundred millions digit of 276255405?
2
What is the ten millions digit of 318284352?
1
What is the hundred thousands digit of 44884388?
8
What is the hundred thousands digit of 16980403?
9
What is the millions digit of 91392310?
1
What is the thousands digit of 1416356629?
6
What is the hundreds digit of 23916608?
6
What is the ten millions digit of 89830299?
8
What is the millions digit of 175468043?
5
What is the units digit of 28237938?
8
What is the ten thousands digit of 64174140?
7
What is the millions digit of 37143358?
7
What is the thousands digit of 41176631?
6
What is the billions digit of 1925502145?
1
What is the units digit of 538827?
7
What is the hundred millions digit of 227373415?
2
What is the hundred millions digit of 792102504?
7
What is the hundreds digit of 45773557?
5
What is the units digit of 244839093?
3
What is the hundreds digit of 41114997?
9
What is the ten millions digit of 49668796?
4
What is the hundreds digit of 329866116?
1
What is the thousands digit of 390249978?
9
What is the ten thousands digit of 3029115066?
1
What is the units digit of 53954325?
5
What is the units digit of 616819317?
7
What is the thousands digit of 679696035?
6
What is the tens digit of 219210213?
1
What is the ten thousands digit of 68017698?
1
What is the ten thousands digit of 46003495?
0
What is the hundred thousands digit of 978102132?
1
What is the tens digit of 10258431?
3
What is the units digit of 200687544?
4
What is the hundred thousands digit of 81773703?
7
What is the ten thousands digit of 1958323337?
2
What is the units digit of 4383669295?
5
What is the millions digit of 330050153?
0
What is the hundreds digit of 73828710?
7
What is the ten thousands digit of 570942661?
4
What is the millions digit of 247101082?
7
What is the units digit of 2589844695?
5
What is the thousands digit of 260786275?
6
What is the thousands digit of 1318439497?
9
What is the thousands digit of 2198213668?
3
What is the hundred millions digit of 850232230?
8
What is the thousands digit of 175458867?
8
What is the millions digit of 183040833?
3
What is the tens digit of 309044552?
5
What is the hundred thousands digit of 5418846739?
8
What is the units digit of 29002733?
3
What is the ten thousands digit of 16126193?
2
What is the hundred thousands digit of 127090001?
0
What is the tens digit of 171641075?
7
What is the ten thousands digit of 371459028?
5
What is the hundreds digit of 90002465?
4
What is the hundred thousands digit of 36649549?
6
What is the ten thousands digit of 2834922904?
2
What is the millions digit of 1842568821?
2
What is the units digit of 1734135577?
7
What is the thousands digit of 2525446266?
6
What is the thousands digit of 122531144?
1
What is the billions digit of 1281470440?
1
What is the tens digit of 25302260?
6
What is the thousands digit of 3298000?
8
What is the ten thousands digit of 206843296?
4
What is the units digit of 994925794?
4
What is the hundreds digit of 39566018?
0
What is the hundred thousands digit of 2851954243?
9
What is the ten millions digit of 1293459107?
9
What is the millions digit of 894875692?
4
What is the hundreds digit of 4677280186?
1
What is the tens digit of 1341185?
8
What is the thousands digit of 121995765?
5
What is the hundred thousands digit of 38388818?
3
What is the thousands digit of 151616707?
6
What is the millions digit of 174334275?
4
What is the hundreds digit of 5569932900?
9
What is the ten millions digit of 13190052?
1
What is the units digit of 4027645?
5
What is the billions digit of 3260528805?
3
What is the thousands digit of 809600558?
0
What is the hundred thousands digit of 101831560?
8
What is the thousands digit of 13017357?
7
What is the tens digit of 252239425?
2
What is the billions digit of 7683782523?
7
What is the hundreds digit of 9130867?
8
What is the hundreds digit of 51599161?
1
What is the ten millions digit of 2824400954?
2
What is the thousands digit of 16685917?
5
What is the hundreds digit of 36068507?
5
What is the billions digit of 4568151959?
4
What is the hundred millions digit of 1543113785?
5
What is the units digit of 1101078641?
1
What is the billions digit of 1142918958?
1
What is the ten thousands digit of 14663845?
6
What is the ten thousands digit of 3765587416?
8
What is the hundred millions digit of 740903230?
7
What is the millions digit of 106630249?
6
What is the millions digit of 473181226?
3
What is the hundred millions digit of 130515253?
1
What is the thousands digit of 18826541?
6
What is the hundred thousands digit of 2586912757?
9
What is the thousands digit of 50027104?
7
What is the tens digit of 61021932?
3
What is the hundreds digit of 766216190?
1
What is the hundred thousands digit of 40